265?
115
Suppose -4*d + 5*r + 9646 = 0, 13*d + 12068 = 18*d - r. Calculate the greatest common divisor of d and 136.
34
Suppose 2999 - 479 = 36*z. Let a(p) = 3*p**2 - 8*p - 6. Let d be a(6). Let n be 1/(2 + d/(-28)). Calculate the highest common divisor of n and z.
14
Let x(b) be the second derivative of 10*b + 1/3*b**3 + 0 + 2*b**2. Let z be x(4). What is the highest common factor of z and 8?
4
Let r be 28 + (-26 - -55 - 23). What is the highest common divisor of 16 and r?
2
Suppose 112 = -15*q + 3099 - 107. Calculate the highest common divisor of q and 612.
12
Let w = -5201 - -6249. What is the highest common divisor of w and 8?
8
Suppose 3*s = -2*q + 31, -5*q + 2 - 28 = -4*s. Suppose 3*n + c = 4*c + 69, -3*c + 131 = 5*n. Let t = 79 - n. Calculate the highest common factor of s and t.
9
Let b be (12/(-10))/((-3)/10). Let w = 45 + b. Calculate the greatest common factor of 343 and w.
49
Let d(v) = 619*v - 1855. Let o be d(3). Calculate the highest common divisor of o and 479.
1
Let m(i) = 100*i**2 + 43*i + 102. Let a be m(-2). Calculate the highest common divisor of 104 and a.
104
Let l(j) = -j + 3. Let f be l(0). Suppose -441 = f*z - 2*n, z + n = 6*z + 735. Let p = -107 - z. Calculate the greatest common factor of 32 and p.
8
Let b(h) = -h**3 - 5*h**2 + 2*h - 6. Let l be b(-6). Let i be l*(13 + -8)*2. Calculate the greatest common divisor of i and 36.
36
Let v = 40442 - 11496. What is the highest common factor of 82 and v?
82
Let y(h) = 2*h**2 - 3. Let s be y(-2). Let m be -3 + s + -4 + 17. Let d(z) = z**3 - 2*z**2 - 4. Let o be d(3). Calculate the greatest common factor of o and m.
5
Let t be (-70)/(-21)*8160/50. Calculate the highest common factor of t and 352.
32
Suppose -3*z + 16 - 22 = 0. Let q be 1/(z/(-9) - (-161)/(-1656)). Calculate the greatest common factor of 56 and q.
8
Let w(g) = -2*g - 4. Let d be w(-7). Let l(t) = 31*t - 270. Let y be l(10). What is the greatest common factor of y and d?
10
Let q be (30/7)/(1 + 60/(-63)). Let a = -90 + q. Suppose a = -4*t + 10 + 122. Calculate the greatest common divisor of t and 363.
33
Suppose -9*z + 4853 - 4745 = 0. Calculate the greatest common divisor of 444 and z.
12
Suppose -90 = -2*q + 156. Let o = q + -121. Calculate the highest common divisor of 16 and o.
2
Let k be (-654)/(-26) + (-52)/338. Let p be (-37)/(-111) - (-4)/(-6)*-187. What is the highest common factor of k and p?
25
Suppose -5*s + 60 = -0*s. Let x be (4/s)/(3/423). Suppose 0*t = 2*t + 2*b - 848, t = 4*b + 419. What is the greatest common factor of t and x?
47
Let i be 247/117 - (-1)/(-9). Suppose -12 = -2*m - 3*r, -i*r - 9 = -5*m + 21. Let w be 178/5 - (-4)/10. Calculate the greatest common factor of w and m.
6
Let o be (-73)/(20/(-8) + 2). Let q = -134 + o. Suppose 2*x + 5*z - 23 = 0, 5*x = -2*z + 20 + 6. Calculate the greatest common divisor of q and x.
4
Let p = -175 + 331. Suppose 2*q - p = 64. Suppose -9*n - 2*n = -q. What is the highest common divisor of 30 and n?
10
Let v = -113 - -115. Suppose -v*d + 4 = 0, 3*w + 2*d = -0*d + 100. What is the highest common divisor of 56 and w?
8
Let v = -838 - -877. Let r = 114 + -45. Let p = r - v. Calculate the greatest common factor of 6 and p.
6
Suppose -8*t - 5*g - 37 = -9*t, 5*t = -2*g + 104. Calculate the highest common factor of t and 9119.
11
Let b(j) = -2 + 2*j**2 + 2*j**2 - j**3 - 18*j**2 - j. Let d be b(-14). Calculate the greatest common divisor of 216 and d.
12
Suppose -7*x - 1368 = -2754. Calculate the greatest common factor of 2871 and x.
99
Let t = -993 - -1412. Suppose 2*l + p = 284, 3*l - t = 10*p - 8*p. What is the highest common factor of 9 and l?
3
Let r = -20486 + 30214. What is the greatest common divisor of r and 38?
38
Let y be 25/(-2)*(8 - 12). Let z = -210 - -290. Calculate the greatest common divisor of z and y.
10
Let r(s) = s**3 + 44*s**2 - 146*s - 107. Let b be r(-47). Calculate the highest common factor of b and 1920.
128
Let f be ((-16)/(-24))/((-2)/231). Let w be ((-66)/f)/((-7)/(-196)). Calculate the highest common divisor of w and 132.
12
Suppose -4*y - 28 = -4*z, 5*z + 5*y = -8 - 7. Calculate the greatest common divisor of z and 2444.
2
Suppose 9*o + 82215 = 22*o + 14*o. Calculate the greatest common factor of o and 189.
21
Suppose 2*y - 14*v + 16*v - 438 = 0, 2*v + 3594 = 16*y. Let b be -2 - (0 - (11 + -2)). What is the greatest common divisor of y and b?
7
Suppose 0 = 4*m + 5*i - 205, 9*m = 4*m + i + 220. Let b = 53 - m. Let v be 12/(-5)*70/(-3). Calculate the greatest common factor of b and v.
8
Let g(m) = m**2 - 4*m - 12. Let q(z) = -2*z**2 + 6*z + 25. Let b(h) = -5*g(h) - 3*q(h). Let j be b(-7). Calculate the greatest common factor of j and 80.
20
Suppose 8*l + 11512 = 43*l - 528. What is the highest common factor of 4988 and l?
172
Suppose 862*c - l = 857*c + 164093, 4*c + 4*l - 131260 = 0. Calculate the highest common divisor of c and 122.
122
Let p = -27 - -33. Let r = 46 + -31. Suppose 0*a - r = -5*a. What is the greatest common divisor of p and a?
3
Let c be 0 - -2 - (-5)/((-5)/12). Let r be (205/c)/(1/(-4)). Suppose -5*z - r = -3*j + 186, 4*j + 2*z = 392. Calculate the greatest common divisor of j and 12.
12
Suppose 87 = 2*y - d - 4*d, 4*y = 2*d + 150. Let h be ((-4)/(-5))/(y/1260). What is the highest common factor of 56 and h?
28
Suppose 0*z = 25*z - 9475. Suppose -z + 397 = f. What is the greatest common factor of f and 126?
18
Let w be (273/(-12))/((6/(-28))/(246/287)). Calculate the greatest common factor of w and 247.
13
Suppose 4*a = -0*a + 1536. Let b(c) = -34*c + 1474. Let u be b(43). Calculate the greatest common divisor of u and a.
12
Let p(g) = -164 + 175 + 4*g - 3*g. Let b be p(-4). Suppose -24 = -8*l + b*l. What is the greatest common factor of 16 and l?
8
Let j = -62 - -35. Let d = -17 - j. Let k be (7 - 5)*(-100)/(-8). Calculate the highest common divisor of d and k.
5
Suppose 3*j - 4*g - 46 = 2*j, -4*j + 116 = g. Calculate the greatest common factor of 2190 and j.
30
Suppose 50*i + 43890 = 503*i - 54*i. Calculate the highest common factor of i and 23210.
110
Let a be (13 - (9 + -18))*-2*3/(-12). What is the highest common divisor of a and 40007?
11
Suppose -5*c - 2*z + 345 = 70, 2*c - 116 = -2*z. Let r = 370111 + -370058. What is the highest common divisor of r and c?
53
Suppose -3*q + 2*p = -65, 145 = 5*q - 0*q + 4*p. Let m = -13999 + 14004. Calculate the greatest common factor of q and m.
5
Let f be 0/(-1) + 2088/58. Calculate the highest common factor of f and 6372.
36
Suppose r + 2*r = 594. Let c(p) = p**3 + 25*p**2 + 8*p + 40. Let m be c(-25). Let t = -138 - m. Calculate the highest common factor of t and r.
22
Let j(z) = 5*z**2 - 3*z + 6. Let a be 2/3 + (68/6 - 5). Let m be j(a). Let q be (-2 + m)/(60/16 + -3). What is the greatest common divisor of q and 38?
38
Let p(y) = 3*y**2 + 346*y - 1297. Let w be p(-119). Calculate the greatest common factor of w and 20340.
12
Let j = -1558 - -1659. What is the greatest common divisor of 2323 and j?
101
Let z(g) = -g**3 - 86*g**2 - 83*g + 338. Let v be z(-85). Calculate the highest common divisor of v and 63.
21
Suppose -3*i + 13 = -d, -7*i + 15 = -2*i - 3*d. Suppose -320 = -i*u + 1120. What is the greatest common factor of u and 30?
30
Suppose v + 5*u - 3 = 0, 6*v = 2*v + 5*u + 137. Let b be (-11 + 7)/4 + 30. Suppose -b*k = -v*k - 2. Calculate the greatest common divisor of k and 1.
1
Let t be (567/(-6))/(-9)*(-708)/(-18). Suppose -5*y + 2*a + 944 = -t, 4*a = 4*y - 1076. What is the highest common factor of 3 and y?
3
Let s(t) = 242*t**2 + 2*t - 1. Let f be s(1). Suppose 17*g - 19*g + 108 = 0. Calculate the highest common divisor of g and f.
27
Let t be 8 + (-1)/(((-3)/(-1))/(-6)). Let n = -105 + 86. Let o = 34 + n. Calculate the greatest common divisor of t and o.
5
Let h = 612 + 13. Calculate the highest common factor of 675 and h.
25
Suppose -605 = 477*o - 1027*o + 495*o. What is the highest common divisor of 7700 and o?
11
Let a = 1235 + -807. Let o = a - 142. Calculate the highest common divisor of 22 and o.
22
Suppose 2*s - 2*q - 6890 = 0, 35*q - 37*q = -5*s + 17210. What is the greatest common factor of s and 760?
40
Suppose 73*s - 1746 - 590 = 0. What is the greatest common divisor of s and 20?
4
Suppose f + 1 = 3. Suppose -4*x + 2*j = -134, -x + 0*j + 